lse
Is 44213046523 prime?
True
Is 12057134827 a prime number?
True
Is 9925716777 composite?
True
Is 7286152969 composite?
True
Is 967161577 a prime number?
False
Is 6182766617 a composite number?
False
Is 382648095697 a prime number?
False
Is 22050570329 a composite number?
False
Is 211771491089 composite?
True
Is 267193673 composite?
True
Is 1694860127 prime?
True
Is 41091846221 composite?
False
Is 27844423801 a prime number?
False
Is 3760307561 a composite number?
False
Is 7233408579 a composite number?
True
Is 15342787457 a prime number?
False
Is 4262510459 composite?
False
Is 241159859 prime?
False
Is 179470503679 prime?
False
Is 3152934641 composite?
False
Is 1071315269 prime?
True
Is 1543744171 a composite number?
False
Is 488802011 composite?
True
Is 1950156667 composite?
False
Is 6115853567 prime?
False
Is 554537117 composite?
False
Is 17812082531 prime?
True
Is 12534586474 a prime number?
False
Is 40826501 composite?
False
Is 1086086774 prime?
False
Is 4253520497 a composite number?
False
Is 585124739 a prime number?
True
Is 5617420903 a prime number?
False
Is 2303295833 a prime number?
True
Is 15965629133 a composite number?
False
Is 162635936609 prime?
True
Is 11637825097 composite?
False
Is 1517428343 a composite number?
True
Is 1143706999 a composite number?
True
Is 6146099551 composite?
True
Is 1145912305 a composite number?
True
Is 48366512003 prime?
True
Is 1321598737 prime?
True
Is 8444020289 prime?
True
Is 3831926101 composite?
False
Is 2764142473 a prime number?
True
Is 1526036627 a prime number?
True
Is 10728066667 a prime number?
False
Is 2167999661 composite?
True
Is 1416937079 composite?
False
Is 2382014051 a prime number?
True
Is 936428581 composite?
True
Is 25020674221 a composite number?
False
Is 25634672629 composite?
False
Is 152910203921 prime?
True
Is 56266981 composite?
False
Is 10587110587 a prime number?
False
Is 657662119 composite?
True
Is 402872959 prime?
False
Is 15563882923 a prime number?
True
Is 1075545511 prime?
False
Is 71037529 composite?
False
Is 1693651487 a prime number?
False
Is 34202508937 prime?
True
Is 156679640503 a prime number?
False
Is 1389075917 prime?
False
Is 13060346287 composite?
False
Is 10085299709 a composite number?
False
Is 4492885471 prime?
False
Is 3558001639 a prime number?
False
Is 2797666279 prime?
False
Is 3041003377 composite?
False
Is 13220047871 prime?
True
Is 56790323 composite?
True
Is 1287522749 prime?
True
Is 9417314147 a composite number?
True
Is 23530394183 prime?
True
Is 317351491 prime?
True
Is 55343794435 a prime number?
False
Is 1440933421 prime?
False
Is 2515338701 a prime number?
True
Is 268612523 a prime number?
True
Is 16942148759 a prime number?
True
Is 240066852089 prime?
True
Is 173172877 a composite number?
True
Is 9086058517 composite?
True
Is 59429309789 a composite number?
False
Is 6342960097 prime?
False
Is 45229964041 prime?
True
Is 951037931 a prime number?
True
Is 399056621 composite?
False
Is 1025985119 a composite number?
False
Is 541951253 a composite number?
False
Is 337485706345 a prime number?
False
Is 4569496837 a prime number?
True
Is 6707658467 prime?
False
Is 744015023 prime?
True
Is 6304524133 a composite number?
False
Is 2567014367 prime?
False
Is 443250473 a composite number?
False
Is 8632361317 composite?
True
Is 143672587 prime?
True
Is 47745903787 composite?
False
Is 64493129 prime?
False
Is 9776249573 prime?
True
Is 8514214847 a prime number?
True
Is 191591833 composite?
False
Is 123683099 prime?
False
Is 64598238347 a composite number?
False
Is 260485361 composite?
True
Is 13485806513 prime?
True
Is 482586386 a composite number?
True
Is 17881568713 a composite number?
True
Is 2486043311 composite?
True
Is 7798727483 prime?
True
Is 80464583 composite?
True
Is 57496000571 a composite number?
True
Is 341241557 a prime number?
True
Is 2427823919 a prime number?
True
Is 5267471 prime?
False
Is 416643511 a composite number?
False
Is 337018177 a prime number?
True
Is 4513895531 a prime number?
False
Is 256012463 composite?
True
Is 4933978087 a prime number?
True
Is 116129849 a composite number?
True
Is 5233014089 prime?
True
Is 7604730359 a composite number?
True
Is 401029879 a prime number?
True
Is 37109693 composite?
True
Is 31836555797 a prime number?
True
Is 2700808261 composite?
False
Is 1115637631 prime?
False
Is 1025899913 prime?
False
Is 224806853343 a composite number?
True
Is 204244882 a composite number?
True
Is 1563204751 prime?
True
Is 29069374769 a prime number?
True
Is 2072623933 a composite number?
False
Is 19415702519 a composite number?
False
Is 3173522977 a prime number?
True
Is 8851364155 prime?
False
Is 18385262261 a composite number?
True
Is 5378965381 a composite number?
True
Is 106360568879 a composite number?
True
Is 319887671 a prime number?
True
Is 15139043791 a composite number?
False
Is 4299691783 prime?
False
Is 1912456673 a prime number?
True
Is 565241881 prime?
False
Is 1975798679 a composite number?
False
Is 198008473 prime?
False
Is 27604352767 prime?
True
Is 34939 a composite number?
False
Is 894912041 a prime number?
False
Is 78105655 prime?
False
Is 2142163337 a composite number?
False
Is 33905971999 a prime number?
True
Is 31247122861 a prime number?
True
Is 345026503 a composite number?
False
Is 23689416493 a prime number?
False
Is 1092669133 prime?
False
Is 40289588891 composite?
False
Is 6191022839 a prime number?
True
Is 18363962483 a prime number?
True
Is 176539877695 a prime number?
False
Is 25994968261 a prime number?
True
Is 2832328963 a prime number?
True
Is 152369267 composite?
False
Is 12721158869 a prime number?
True
Is 37526092355 prime?
False
Is 14391236231 composite?
True
Is 14210398619 a prime number?
True
Is 98990963 a composite number?
False
Is 8603332607 a composite number?
False
Is 254417701 a composite number?
False
Is 27956808421 a prime number?
False
Is 984301739 prime?
False
Is 4877597507 prime?
True
Is 3495048595 prime?
False
Is 2196309907 a composite number?
True
Is 2434851157 prime?
False
Is 12846637981 a prime number?
False
Is 25423510019 composite?
False
Is 81105017449 composite?
True
Is 404149103 a composite number?
True
Is 6257510813 a composite number?
True
Is 12279981515 a composite number?
True
Is 4356558949 a composite number?
True
Is 64269025313 prime?
True
Is 7576326663 a prime number?
False
Is 2547094877 a prime number?
True
Is 1645499587 prime?
True
Is 248966897 a composite number?
False
Is 10526599 composite?
False
Is 67680935657 a prime number?
False
Is 65637974203 a prime number?
False
Is 556479757 a prime number?
False
Is 425639089 a prime number?
False
Is 2521469429 a prime number?
True
Is 2488678261 a prime number?
False
Is 1303239527 prime?
True
Is 10145188489 prime?
True
Is 21190865329 composite?
True
Is 13478149097 a prime number?
False
Is 1334076791 prime?
False
Is 263764812226 prime?
False
Is 1072269229 composite?
True
Is 547503787 prime?
False
Is 2018412929 prime?
False
Is 421402369 a composite number?
False
Is 1807589477 composite?
True
Is 564022507 a composite number?
False
Is 1438116113 a prime number?
False
Is 772552223 prime?
True
Is 51980196923 composite?
False
Is 6416082293 prime?
False
Is 97296103 a prime number?
True
Is 2023876817 prime?
True
Is 28264102723 a prime number?
True
Is 5390010343 a composite number?
False
Is 38697002527 a composite number?
False
Is 164038553443 a prime number?
True
Is 2014925069 a composite number?
False
Is 11230291451 composite?
True
Is 3019769833 a prime number?
True
Is 43819842833 a composite number?
True
Is 310690413947 prime?
True
Is 756834377 prime?
False
Is 938507131 composite?
False
Is 477573521 a prime number?
False
Is 284281427 a composite number?
True
Is 12985100399 a composite number?
False
Is 489498469 a composite number?
False
Is 14970591529 a composite number?
True
Is 11096563237 prime?
False
Is 3797907569 a prime number?
True
Is 611084234 a prime number?
False
Is 3664184341 composite?
False
Is 80179718917 a composite number?
False
Is 4554398419 composite?
True
Is 4268776567 a prime number?
False
Is 90388753159 prime?
False
Is 15454643671 prime?
True
Is 367329367 composite?
False
Is 10128370858 composite?
True
Is 1408290439 a composite number?
False
Is 13787406923 a prime number?
True
Is 4761